 49 + 14. Let i = -1699 + 1720. Calculate the highest common divisor of i and d.
21
Suppose 0 = -5*w - 20 - 20. Let q be 6/w + 189/12. Suppose -c + 18 = -q. What is the greatest common factor of 22 and c?
11
Let m(z) be the third derivative of -z**5/60 + 5*z**4/24 + z**3/2 + 5*z**2. Let k be m(5). Let n = 13 - k. What is the greatest common divisor of n and 90?
10
Let p be (-23)/115 + (-996)/(-30). Calculate the greatest common divisor of p and 121.
11
Suppose 360 = -21*l + 26*l. Suppose -7*x - 51 = -l. Calculate the greatest common divisor of x and 1.
1
Let d be 3*(-1 + 57/9). Suppose -10*f + 0*f = -1280. Calculate the greatest common divisor of f and d.
16
Let n(p) = 905*p**3 - 10*p**2 + 8*p. Let h be n(1). Calculate the greatest common factor of h and 42.
21
Let g = -759 - -1499. What is the greatest common divisor of 60 and g?
20
Let b = -308 + 1082. Let o = b - 521. Let s(d) = 8*d**2 - 44*d - 1. Let j be s(6). What is the greatest common divisor of o and j?
23
Suppose -5*h + 3*h = -66. Suppose s + 6*q = 3*q + 3, -3*q = -5*s + h. Let k = 25 - s. What is the greatest common factor of 76 and k?
19
Suppose -q - 5 = -2*q. Suppose 6*b - 11*b - 50 = -i, -12 = -4*b. Calculate the greatest common divisor of q and i.
5
Let y be 3*((-4)/(-12) + 0). Let f be 0/((y - 4) + 1). Suppose f = -6*b - 0*b + 126. What is the greatest common factor of b and 21?
21
Let q be 1*-2 - -1*146. Let b = 1909 - 1891. What is the highest common factor of b and q?
18
Let x = 59 - -2. Let s = x + -52. What is the greatest common divisor of s and 1?
1
Let i = -78 - -83. Suppose 5*s = i*h + 475, -3*s = 3*h - 290 - 19. Calculate the greatest common factor of 9 and s.
9
Suppose 3*n - 22 = -q, -24 = 26*q - 28*q - n. What is the greatest common factor of 55 and q?
5
Suppose -3*u = u - 12, s - 5*u - 6 = 0. Let n = -339 + 360. What is the greatest common divisor of n and s?
21
Suppose 2*n = b - 1254, -n + 4279 = 2*b + 1791. What is the greatest common factor of b and 14?
14
Let r(m) = -7*m - 117. Let v be r(-34). Calculate the greatest common divisor of 11 and v.
11
Let d(w) = 120*w - 24. Let x be d(1). Calculate the highest common factor of 128 and x.
32
Let k = -403 - -513. Calculate the highest common divisor of 20 and k.
10
Let c = -818 + 968. What is the greatest common divisor of 30 and c?
30
Suppose 0 = -b - 5*x + 18 + 10, -3*b - 1 = -2*x. Let a = 41 + 3. Suppose t = -b*t + a. Calculate the highest common factor of t and 77.
11
Let b = -124 + 309. What is the highest common factor of 74 and b?
37
Suppose 0 = -2*d + y + 3*y + 8, -3*d - 8 = -2*y. Let b be -4 + d*(-10)/6. What is the greatest common divisor of b and 42?
6
Let a(f) = 3*f - 10. Let n(s) = -1. Let r(m) = -2*a(m) + 14*n(m). Let p be r(-2). Calculate the greatest common divisor of 18 and p.
18
Suppose 0 = 2*a - 3*a + 8. Let s be 2/a*4*13. Let q = s + 5. Calculate the highest common factor of 2 and q.
2
Suppose -9*c - 45 + 666 = 0. What is the greatest common divisor of c and 23?
23
Let f(a) = 4*a**2 - a**3 + 4 + 4 + 9*a**2 - 4*a**2. Let q be f(9). Suppose 10 + q = v. Calculate the highest common divisor of 18 and v.
18
Suppose 4*b - 5*g - 27 = 0, -18*b + 19*b = -4*g + 12. Calculate the greatest common divisor of b and 536.
8
Let f(i) = 2*i**2 - 14*i + 20. Let d be f(8). Calculate the highest common divisor of d and 54.
18
Let i be (3/2)/((-2)/(-96)). Let r be (-1 - 1)/(32/16). Let p be (i/40)/(r/(-10)). Calculate the greatest common factor of p and 45.
9
Suppose 2*d - 44 = -a, 5*a - 5*d = 192 - 47. Let b be a + (-2)/(-8)*0. Calculate the greatest common divisor of 340 and b.
34
Let m = 371 + -245. Let k(y) = y**3 + 20*y**2 + 32*y - 55. Let h be k(-18). Let t be (4 + h - -3)*6/8. Calculate the greatest common divisor of m and t.
18
Let b(s) = 7*s**2 - 3*s + 19. Let n be b(11). Calculate the highest common divisor of 147 and n.
49
Let l be (-76)/(-2) + (-30)/(-10) + -1. Suppose -42 = -4*i - 2*g, -2*i - 8 = -3*i + 2*g. Calculate the highest common factor of i and l.
10
Let h(j) be the third derivative of j**5/60 + 85*j**3/6 + 3*j**2. Let p be h(0). What is the greatest common divisor of 34 and p?
17
Suppose -12*t - 294 + 378 = 0. Calculate the highest common factor of 13 and t.
1
Let h = 2111 + -2051. Calculate the highest common divisor of h and 140.
20
Let b = -145 + 171. Calculate the highest common factor of b and 117.
13
Suppose 0 = 2*v + 4*v. Suppose -u + 5*b - 18 = -4, 0 = 2*u + b - 16. Suppose v = -u*z + 133 - 55. What is the highest common factor of 65 and z?
13
Let a be 0 - (0 - -1)*-12. Calculate the highest common divisor of a and 156.
12
Let k be 3/(3/(-6) + 2). Suppose k*m = -4, 8 = -4*q + 2*m + 36. Let u be -5*2*q/(-12). Calculate the highest common divisor of 5 and u.
5
Let s be -5 + 158 - (0 - 1). Suppose -2*z + 6 = z. Suppose 2*w + z*w - 5*p - 66 = 0, 0 = w + p - 12. Calculate the greatest common divisor of w and s.
14
Suppose -7*v = -4*v - 6. Let m be v*(-3 - 125)/(-2). Let o = -16 + m. Calculate the highest common divisor of o and 14.
14
Suppose 0 = -4*z + 6*z + 2*g - 14, z + 2 = -4*g. Let p be (z/(-15))/(1/(-165)). What is the highest common factor of p and 10?
10
Suppose 0 = -12*t + 185*t - 642 - 396. Let v(l) = -10*l + 1. Let u be v(-2). Calculate the greatest common divisor of u and t.
3
Suppose 30 = -u - 0*u. Let p = 32 + u. What is the greatest common divisor of p and 5?
1
Suppose 4*j - 14 = j - 4*k, -4*j - 2 = -5*k. What is the highest common factor of j and 2?
2
Let j = 46 - 28. Let r be (-7925)/(-40) - 1/8. What is the highest common factor of r and j?
18
Let i(h) = -2*h + 17. Let g be i(7). Suppose 3*p + g - 39 = 0. What is the highest common factor of p and 132?
12
Suppose 5*r = g - 21, r = -2*g + 3 + 6. Let l be (12/g)/((-2)/(-28)). Let y be 8/l + 780/14. Calculate the highest common factor of y and 14.
14
Suppose 0 = 7*j + 315 - 602. What is the highest common divisor of 410 and j?
41
Let t(i) = 10*i**2 - i - 1. Let l be t(-4). Let r = -39 + l. What is the greatest common factor of r and 31?
31
Let v = -90 + 90. Suppose 18*i - 19*i + 10 = v. What is the greatest common divisor of 230 and i?
10
Let s be (1 - 0) + 18/2. Let j = 7 + s. Let i = -197 - -316. What is the greatest common divisor of i and j?
17
Suppose -10*b + 238 - 1168 = 0. Let h = b - -102. Calculate the highest common factor of h and 9.
9
Let j be ((280/(-12))/5)/(1/(-51)). What is the greatest common divisor of 14 and j?
14
Let k be 20/(((-2)/77)/((-320)/112)). Calculate the highest common divisor of 22 and k.
22
Suppose 74 = 3*p - j, -3*j = -3*p + j + 71. Calculate the highest common factor of p and 1.
1
Let c(r) = 4*r**2 - 60*r + 235. Let s be c(22). What is the greatest common factor of s and 111?
37
Let m be (3*2)/((-13)/((-1040)/15)). What is the greatest common factor of 160 and m?
32
Let j(k) = 42*k - 2. Let u be j(1). Suppose -6*o + 5*o + u = 0. Suppose -3*b + 5*l + 40 = -b, -2*b = -4*l - o. What is the greatest common divisor of 60 and b?
20
Let h be 15 - (-4)/(8/(-6)). Let b(q) = 9 + 6 - q**3 - 1 - 12*q - 4 - h*q**2. Let y be b(-11). Calculate the greatest common factor of 42 and y.
21
Let j = -10 + 11. Let c(o) = o**2 + 4*o - o - 2*o**2 + j + 3*o**2. Let x be c(4). Calculate the greatest common factor of x and 9.
9
Let q = -1733 - -1765. Calculate the greatest common factor of q and 864.
32
Suppose -60 = 2*b + 4*b. Let f = 18 - b. What is the highest common factor of f and 14?
14
Suppose 0 = 5*v - 15 + 5. Suppose 2*j + 4*m = 118, -v*m - 2*m = 3*j - 167. Calculate the greatest common divisor of 7 and j.
7
Let c(x) = 5*x**2 - 3*x - 5. Let w be -1*(-9 - 20/(-5)). Let u be c(w). Calculate the highest common factor of 15 and u.
15
Let k be ((-4594)/(-12) - 7) + 3/18. What is the greatest common factor of k and 282?
94
Suppose 568 + 407 = 3*g. Suppose 0 = 72*i - 77*i + g. Calculate the greatest common factor of i and 13.
13
Suppose -2*p - 5520 = -50*p. Calculate the highest common divisor of 46 and p.
23
Suppose -5*h + 21 = -49. Suppose -5*i + 5*y + 52 = -13, 2*i = -2*y + 14. Suppose 0 = 2*z + 2, -z - 5 = -t + i. Calculate the greatest common factor of t and h.
14
Suppose -10 = -x - 3. Let n(k) be the second derivative of k**3/3 - 2*k**2 + 4*k + 22. Let g be n(x). What is the highest common divisor of 110 and g